{"id":1265,"date":"2023-04-19T10:05:31","date_gmt":"2023-04-19T08:05:31","guid":{"rendered":"http:\/\/www.zarzecze.info\/?page_id=1265"},"modified":"2023-08-26T07:09:51","modified_gmt":"2023-08-26T05:09:51","slug":"dofinansowanie-osp-zarzecze-2023","status":"publish","type":"page","link":"https:\/\/www.zarzecze.info\/?page_id=1265","title":{"rendered":"Dofinansowanie OSP Zarzecze 2023"},"content":{"rendered":"\n<p><\/p>\n\n\n\n<p>Asortyment ju\u017c jest u nas w remizie od kilkunastu dni ,ze wzgl\u0119du na urlopy i wakacje lekkim op\u00f3\u017anieniem przedstawiamy : <\/p>\n\n\n\n<p>1. Aparat nadci\u015bnieniowy MSA maska butla stalowa <br>2. Czujnik bezruchu 1szt. <br>3. Kurtyna wodna 1 szt. <br>4. Bosak dielektryczny 1 szt. <br>5. Wodery 6 szt. <br>6. Latarka k\u0105towa 2 szt. <br>Dofinansowanie w kwocie z <strong>12.150<\/strong> <strong>z\u0142<\/strong> dzi\u0119ki wsparciu <strong>WFO\u015aiGW Rzesz\u00f3w oraz NFO\u015aiGW<\/strong><\/p>\n\n\n\n<figure class=\"wp-block-gallery has-nested-images columns-default is-cropped wp-block-gallery-1 is-layout-flex wp-block-gallery-is-layout-flex\">\n<figure class=\"wp-block-image size-large\"><img loading=\"lazy\" decoding=\"async\" width=\"1024\" height=\"771\" data-id=\"1322\" src=\"http:\/\/www.zarzecze.info\/wp-content\/uploads\/2023\/08\/368732885_1420383022215494_5126068992598464685_n-1024x771.jpg\" alt=\"\" class=\"wp-image-1322\" srcset=\"https:\/\/www.zarzecze.info\/wp-content\/uploads\/2023\/08\/368732885_1420383022215494_5126068992598464685_n-1024x771.jpg 1024w, https:\/\/www.zarzecze.info\/wp-content\/uploads\/2023\/08\/368732885_1420383022215494_5126068992598464685_n-300x226.jpg 300w, https:\/\/www.zarzecze.info\/wp-content\/uploads\/2023\/08\/368732885_1420383022215494_5126068992598464685_n-768x578.jpg 768w, https:\/\/www.zarzecze.info\/wp-content\/uploads\/2023\/08\/368732885_1420383022215494_5126068992598464685_n-1536x1157.jpg 1536w, https:\/\/www.zarzecze.info\/wp-content\/uploads\/2023\/08\/368732885_1420383022215494_5126068992598464685_n.jpg 2040w\" sizes=\"auto, (max-width: 1024px) 100vw, 1024px\" \/><\/figure>\n\n\n\n<figure class=\"wp-block-image size-large\"><img loading=\"lazy\" decoding=\"async\" width=\"1024\" height=\"771\" data-id=\"1325\" src=\"http:\/\/www.zarzecze.info\/wp-content\/uploads\/2023\/08\/367661999_1040186153676834_3916013712033471401_n-1024x771.jpg\" alt=\"\" class=\"wp-image-1325\" srcset=\"https:\/\/www.zarzecze.info\/wp-content\/uploads\/2023\/08\/367661999_1040186153676834_3916013712033471401_n-1024x771.jpg 1024w, https:\/\/www.zarzecze.info\/wp-content\/uploads\/2023\/08\/367661999_1040186153676834_3916013712033471401_n-300x226.jpg 300w, https:\/\/www.zarzecze.info\/wp-content\/uploads\/2023\/08\/367661999_1040186153676834_3916013712033471401_n-768x578.jpg 768w, https:\/\/www.zarzecze.info\/wp-content\/uploads\/2023\/08\/367661999_1040186153676834_3916013712033471401_n-1536x1157.jpg 1536w, https:\/\/www.zarzecze.info\/wp-content\/uploads\/2023\/08\/367661999_1040186153676834_3916013712033471401_n.jpg 2040w\" sizes=\"auto, (max-width: 1024px) 100vw, 1024px\" \/><\/figure>\n\n\n\n<figure class=\"wp-block-image size-large\"><img loading=\"lazy\" decoding=\"async\" width=\"771\" height=\"1024\" data-id=\"1320\" src=\"http:\/\/www.zarzecze.info\/wp-content\/uploads\/2023\/08\/368129761_1239672213399044_9053990691829719061_n-771x1024.jpg\" alt=\"\" class=\"wp-image-1320\" srcset=\"https:\/\/www.zarzecze.info\/wp-content\/uploads\/2023\/08\/368129761_1239672213399044_9053990691829719061_n-771x1024.jpg 771w, https:\/\/www.zarzecze.info\/wp-content\/uploads\/2023\/08\/368129761_1239672213399044_9053990691829719061_n-226x300.jpg 226w, https:\/\/www.zarzecze.info\/wp-content\/uploads\/2023\/08\/368129761_1239672213399044_9053990691829719061_n-768x1020.jpg 768w, https:\/\/www.zarzecze.info\/wp-content\/uploads\/2023\/08\/368129761_1239672213399044_9053990691829719061_n-1157x1536.jpg 1157w, https:\/\/www.zarzecze.info\/wp-content\/uploads\/2023\/08\/368129761_1239672213399044_9053990691829719061_n.jpg 1536w\" sizes=\"auto, (max-width: 771px) 100vw, 771px\" \/><\/figure>\n\n\n\n<figure class=\"wp-block-image size-large\"><img loading=\"lazy\" decoding=\"async\" width=\"1024\" height=\"771\" data-id=\"1323\" src=\"http:\/\/www.zarzecze.info\/wp-content\/uploads\/2023\/08\/367517612_165312046535137_4881709894108390670_n-1024x771.jpg\" alt=\"\" class=\"wp-image-1323\" srcset=\"https:\/\/www.zarzecze.info\/wp-content\/uploads\/2023\/08\/367517612_165312046535137_4881709894108390670_n-1024x771.jpg 1024w, https:\/\/www.zarzecze.info\/wp-content\/uploads\/2023\/08\/367517612_165312046535137_4881709894108390670_n-300x226.jpg 300w, https:\/\/www.zarzecze.info\/wp-content\/uploads\/2023\/08\/367517612_165312046535137_4881709894108390670_n-768x578.jpg 768w, https:\/\/www.zarzecze.info\/wp-content\/uploads\/2023\/08\/367517612_165312046535137_4881709894108390670_n-1536x1157.jpg 1536w, https:\/\/www.zarzecze.info\/wp-content\/uploads\/2023\/08\/367517612_165312046535137_4881709894108390670_n.jpg 2040w\" sizes=\"auto, (max-width: 1024px) 100vw, 1024px\" \/><\/figure>\n\n\n\n<figure class=\"wp-block-image size-large\"><img loading=\"lazy\" decoding=\"async\" width=\"1024\" height=\"771\" data-id=\"1321\" src=\"http:\/\/www.zarzecze.info\/wp-content\/uploads\/2023\/08\/367515219_678523787474473_125209042400050881_n-1024x771.jpg\" alt=\"\" class=\"wp-image-1321\" srcset=\"https:\/\/www.zarzecze.info\/wp-content\/uploads\/2023\/08\/367515219_678523787474473_125209042400050881_n-1024x771.jpg 1024w, https:\/\/www.zarzecze.info\/wp-content\/uploads\/2023\/08\/367515219_678523787474473_125209042400050881_n-300x226.jpg 300w, https:\/\/www.zarzecze.info\/wp-content\/uploads\/2023\/08\/367515219_678523787474473_125209042400050881_n-768x578.jpg 768w, https:\/\/www.zarzecze.info\/wp-content\/uploads\/2023\/08\/367515219_678523787474473_125209042400050881_n-1536x1157.jpg 1536w, https:\/\/www.zarzecze.info\/wp-content\/uploads\/2023\/08\/367515219_678523787474473_125209042400050881_n.jpg 2040w\" sizes=\"auto, (max-width: 1024px) 100vw, 1024px\" \/><\/figure>\n\n\n\n<figure class=\"wp-block-image size-large\"><img loading=\"lazy\" decoding=\"async\" width=\"771\" height=\"1024\" data-id=\"1324\" src=\"http:\/\/www.zarzecze.info\/wp-content\/uploads\/2023\/08\/370338784_658128589614891_6141154334595855126_n-771x1024.jpg\" alt=\"\" class=\"wp-image-1324\" srcset=\"https:\/\/www.zarzecze.info\/wp-content\/uploads\/2023\/08\/370338784_658128589614891_6141154334595855126_n-771x1024.jpg 771w, https:\/\/www.zarzecze.info\/wp-content\/uploads\/2023\/08\/370338784_658128589614891_6141154334595855126_n-226x300.jpg 226w, https:\/\/www.zarzecze.info\/wp-content\/uploads\/2023\/08\/370338784_658128589614891_6141154334595855126_n-768x1020.jpg 768w, https:\/\/www.zarzecze.info\/wp-content\/uploads\/2023\/08\/370338784_658128589614891_6141154334595855126_n-1157x1536.jpg 1157w, https:\/\/www.zarzecze.info\/wp-content\/uploads\/2023\/08\/370338784_658128589614891_6141154334595855126_n.jpg 1536w\" sizes=\"auto, (max-width: 771px) 100vw, 771px\" \/><\/figure>\n<\/figure>\n\n\n\n<hr class=\"wp-block-separator has-alpha-channel-opacity\"\/>\n\n\n\n<p>W zwi\u0105zku z podpisaniem umowy z <strong>WFO\u015aiGW w Rzeszowie, \u201eOg\u00f3lnopolski program finansowania s\u0142u\u017cb ratowniczych<\/strong> Cz\u0119\u015b\u0107 2) Dofinansowanie zakupu sprz\u0119tu i wyposa\u017cenia jednostek Ochotniczych Stra\u017cy Po\u017carnych\u201d Zadanie pod nazw\u0105 <strong>&#8221; Doposa\u017cenie Ochotniczej Stra\u017cy Po\u017carnej w miejscowo\u015bci Zarzecze celem zwi\u0119kszenia potencja\u0142u technicznego&#8221; OSP ZARZECZE <\/strong>po analizie ofert firm na zakup sprz\u0119tu wybra\u0142o ofert\u0119 firmy KADIMEX Region Po\u0142udnie Miros\u0142aw \u0141akomy na zakup :<\/p>\n\n\n\n<p> 1. Boska dielektryczny 1 szt <\/p>\n\n\n\n<p>2. Aparat powietrzny nadci\u015bnieniowy 1 kpl <\/p>\n\n\n\n<p>3. Sygnalizator bezruchu 1 szt. <\/p>\n\n\n\n<p>4. Kurtyna wodna52 1 szt <\/p>\n\n\n\n<p>5. Latarka katowa 2 szt. <\/p>\n\n\n\n<p>6. wodery 6 par<\/p>\n\n\n<div class=\"wp-block-image\">\n<figure class=\"aligncenter size-full is-resized\"><img loading=\"lazy\" decoding=\"async\" src=\"http:\/\/www.zarzecze.info\/wp-content\/uploads\/2022\/09\/kadmiex.jpg\" alt=\"kadimex\" class=\"wp-image-1218\" style=\"width:306px;height:183px\" width=\"306\" height=\"183\" srcset=\"https:\/\/www.zarzecze.info\/wp-content\/uploads\/2022\/09\/kadmiex.jpg 713w, https:\/\/www.zarzecze.info\/wp-content\/uploads\/2022\/09\/kadmiex-300x180.jpg 300w\" sizes=\"auto, (max-width: 306px) 100vw, 306px\" \/><\/figure>\n<\/div>\n\n\n<hr class=\"wp-block-separator has-alpha-channel-opacity\"\/>\n\n\n\n<p>| <strong>DOTACJA Fundacji PKO Banku Polskiego<\/strong> |<\/p>\n\n\n\n<p>Dzi\u0119ki wsparciu <strong>Fundacji PKO Banku Polskiego<\/strong> zrealizowano projekt pt. &#8221; Doposa\u017cenie Ochotniczej Stra\u017cy Po\u017carnej w niezb\u0119dny sprz\u0119t Ratowniczy za kwot\u0119 <strong>20.000 z\u0142<\/strong><\/p>\n\n\n\n<figure class=\"wp-block-gallery has-nested-images columns-default is-cropped wp-block-gallery-2 is-layout-flex wp-block-gallery-is-layout-flex\">\n<figure class=\"wp-block-image size-large\"><img loading=\"lazy\" decoding=\"async\" width=\"1024\" height=\"768\" data-id=\"1295\" src=\"http:\/\/www.zarzecze.info\/wp-content\/uploads\/2023\/06\/354034914_265280492823040_3624277100907225287_n-1024x768.jpg\" alt=\"\" class=\"wp-image-1295\" srcset=\"https:\/\/www.zarzecze.info\/wp-content\/uploads\/2023\/06\/354034914_265280492823040_3624277100907225287_n-1024x768.jpg 1024w, https:\/\/www.zarzecze.info\/wp-content\/uploads\/2023\/06\/354034914_265280492823040_3624277100907225287_n-300x225.jpg 300w, https:\/\/www.zarzecze.info\/wp-content\/uploads\/2023\/06\/354034914_265280492823040_3624277100907225287_n-768x576.jpg 768w, https:\/\/www.zarzecze.info\/wp-content\/uploads\/2023\/06\/354034914_265280492823040_3624277100907225287_n-1536x1152.jpg 1536w, https:\/\/www.zarzecze.info\/wp-content\/uploads\/2023\/06\/354034914_265280492823040_3624277100907225287_n-600x450.jpg 600w, https:\/\/www.zarzecze.info\/wp-content\/uploads\/2023\/06\/354034914_265280492823040_3624277100907225287_n.jpg 2048w\" sizes=\"auto, (max-width: 1024px) 100vw, 1024px\" \/><figcaption class=\"wp-element-caption\">smart<\/figcaption><\/figure>\n\n\n\n<figure class=\"wp-block-image size-large\"><img loading=\"lazy\" decoding=\"async\" width=\"1024\" height=\"768\" data-id=\"1293\" src=\"http:\/\/www.zarzecze.info\/wp-content\/uploads\/2023\/06\/353614802_767247291796794_3098847100318734951_n-1024x768.jpg\" alt=\"\" class=\"wp-image-1293\" srcset=\"https:\/\/www.zarzecze.info\/wp-content\/uploads\/2023\/06\/353614802_767247291796794_3098847100318734951_n-1024x768.jpg 1024w, https:\/\/www.zarzecze.info\/wp-content\/uploads\/2023\/06\/353614802_767247291796794_3098847100318734951_n-300x225.jpg 300w, https:\/\/www.zarzecze.info\/wp-content\/uploads\/2023\/06\/353614802_767247291796794_3098847100318734951_n-768x576.jpg 768w, https:\/\/www.zarzecze.info\/wp-content\/uploads\/2023\/06\/353614802_767247291796794_3098847100318734951_n-1536x1152.jpg 1536w, https:\/\/www.zarzecze.info\/wp-content\/uploads\/2023\/06\/353614802_767247291796794_3098847100318734951_n-600x450.jpg 600w, https:\/\/www.zarzecze.info\/wp-content\/uploads\/2023\/06\/353614802_767247291796794_3098847100318734951_n.jpg 2048w\" sizes=\"auto, (max-width: 1024px) 100vw, 1024px\" \/><figcaption class=\"wp-element-caption\">smart<\/figcaption><\/figure>\n\n\n\n<figure class=\"wp-block-image size-large\"><img loading=\"lazy\" decoding=\"async\" width=\"1024\" height=\"768\" data-id=\"1294\" src=\"http:\/\/www.zarzecze.info\/wp-content\/uploads\/2023\/06\/353716638_1621612981577845_1383478624381127008_n-1024x768.jpg\" alt=\"\" class=\"wp-image-1294\" srcset=\"https:\/\/www.zarzecze.info\/wp-content\/uploads\/2023\/06\/353716638_1621612981577845_1383478624381127008_n-1024x768.jpg 1024w, https:\/\/www.zarzecze.info\/wp-content\/uploads\/2023\/06\/353716638_1621612981577845_1383478624381127008_n-300x225.jpg 300w, https:\/\/www.zarzecze.info\/wp-content\/uploads\/2023\/06\/353716638_1621612981577845_1383478624381127008_n-768x576.jpg 768w, https:\/\/www.zarzecze.info\/wp-content\/uploads\/2023\/06\/353716638_1621612981577845_1383478624381127008_n-1536x1152.jpg 1536w, https:\/\/www.zarzecze.info\/wp-content\/uploads\/2023\/06\/353716638_1621612981577845_1383478624381127008_n-600x450.jpg 600w, https:\/\/www.zarzecze.info\/wp-content\/uploads\/2023\/06\/353716638_1621612981577845_1383478624381127008_n.jpg 2048w\" sizes=\"auto, (max-width: 1024px) 100vw, 1024px\" \/><figcaption class=\"wp-element-caption\">smart<\/figcaption><\/figure>\n\n\n\n<figure class=\"wp-block-image size-large\"><img loading=\"lazy\" decoding=\"async\" width=\"1024\" height=\"768\" data-id=\"1296\" src=\"http:\/\/www.zarzecze.info\/wp-content\/uploads\/2023\/06\/353827258_792852605551023_4518697816615681376_n-1024x768.jpg\" alt=\"\" class=\"wp-image-1296\" srcset=\"https:\/\/www.zarzecze.info\/wp-content\/uploads\/2023\/06\/353827258_792852605551023_4518697816615681376_n-1024x768.jpg 1024w, https:\/\/www.zarzecze.info\/wp-content\/uploads\/2023\/06\/353827258_792852605551023_4518697816615681376_n-300x225.jpg 300w, https:\/\/www.zarzecze.info\/wp-content\/uploads\/2023\/06\/353827258_792852605551023_4518697816615681376_n-768x576.jpg 768w, https:\/\/www.zarzecze.info\/wp-content\/uploads\/2023\/06\/353827258_792852605551023_4518697816615681376_n-1536x1152.jpg 1536w, https:\/\/www.zarzecze.info\/wp-content\/uploads\/2023\/06\/353827258_792852605551023_4518697816615681376_n-600x450.jpg 600w, https:\/\/www.zarzecze.info\/wp-content\/uploads\/2023\/06\/353827258_792852605551023_4518697816615681376_n.jpg 2048w\" sizes=\"auto, (max-width: 1024px) 100vw, 1024px\" \/><figcaption class=\"wp-element-caption\">smart<\/figcaption><\/figure>\n<\/figure>\n\n\n\n<hr class=\"wp-block-separator has-alpha-channel-opacity\"\/>\n\n\n\n<p>| <strong>DOTACJA WFO\u015aiGW<\/strong> |<\/p>\n\n\n\n<p>w dniu <strong>02.06.2023 r<\/strong> w Komenda Powiatowa Pa\u0144stwowej Stra\u017cy Po\u017carnej w Ja\u015ble zosta\u0142a podpisana umowa z WFO\u015aiGW w Rzeszowie<\/p>\n\n\n\n<p>W ramach &#8222;Og\u00f3lnopolskiego Programu Finansowania S\u0142u\u017cb Ratowniczych Cz\u0119\u015b\u0107 2) Dofinansowanie Zakupu Osprz\u0119tu i Wyposa\u017cenia Jednostek Ochotniczych Stra\u017cy Po\u017carnych&#8221; Nasza jednostka otrzyma\u0142a <strong>12.150,00 z\u0142<\/strong><\/p>\n\n\n\n<figure class=\"wp-block-gallery has-nested-images columns-default is-cropped wp-block-gallery-3 is-layout-flex wp-block-gallery-is-layout-flex\">\n<figure class=\"wp-block-image size-large\"><img loading=\"lazy\" decoding=\"async\" width=\"300\" height=\"170\" data-id=\"1289\" src=\"http:\/\/www.zarzecze.info\/wp-content\/uploads\/2023\/06\/nfgwios.jpg\" alt=\"\" class=\"wp-image-1289\"\/><\/figure>\n<\/figure>\n\n\n\n<hr class=\"wp-block-separator has-alpha-channel-opacity\"\/>\n\n\n\n<p><\/p>\n\n\n\n<p class=\"has-text-align-center\">W dniu <strong>22.03.2023 r<\/strong> w ramach projektu &#8222;Doposa\u017cenie w niezb\u0119dny sprz\u0119t Ratowniczy&#8221; podpisano umow\u0119 z fundacja <strong>PKO Banku Polskiego<\/strong>. Dzi\u0119ki wsparciu zostan\u0105 zakupione:<\/p>\n\n\n\n<p class=\"has-text-align-center\"><strong> 2 aparaty powietrzne z czujnikami bezruchu oraz ubranie specjalne<\/strong><\/p>\n\n\n\n<figure class=\"wp-block-gallery has-nested-images columns-default is-cropped wp-block-gallery-4 is-layout-flex wp-block-gallery-is-layout-flex\">\n<figure class=\"wp-block-image size-large\"><img loading=\"lazy\" decoding=\"async\" width=\"661\" height=\"429\" data-id=\"1267\" src=\"http:\/\/www.zarzecze.info\/wp-content\/uploads\/2023\/04\/pkoosp.jpg\" alt=\"\" class=\"wp-image-1267\" srcset=\"https:\/\/www.zarzecze.info\/wp-content\/uploads\/2023\/04\/pkoosp.jpg 661w, https:\/\/www.zarzecze.info\/wp-content\/uploads\/2023\/04\/pkoosp-300x195.jpg 300w\" sizes=\"auto, (max-width: 661px) 100vw, 661px\" \/><\/figure>\n<\/figure>\n","protected":false},"excerpt":{"rendered":"<p>Asortyment ju\u017c jest u nas w remizie od kilkunastu dni ,ze wzgl\u0119du na urlopy i wakacje lekkim op\u00f3\u017anieniem przedstawiamy :<\/p>\n","protected":false},"author":1,"featured_media":0,"parent":0,"menu_order":0,"comment_status":"closed","ping_status":"closed","template":"","meta":{"footnotes":""},"class_list":["post-1265","page","type-page","status-publish","hentry","comments-off"],"_links":{"self":[{"href":"https:\/\/www.zarzecze.info\/index.php?rest_route=\/wp\/v2\/pages\/1265","targetHints":{"allow":["GET"]}}],"collection":[{"href":"https:\/\/www.zarzecze.info\/index.php?rest_route=\/wp\/v2\/pages"}],"about":[{"href":"https:\/\/www.zarzecze.info\/index.php?rest_route=\/wp\/v2\/types\/page"}],"author":[{"embeddable":true,"href":"https:\/\/www.zarzecze.info\/index.php?rest_route=\/wp\/v2\/users\/1"}],"replies":[{"embeddable":true,"href":"https:\/\/www.zarzecze.info\/index.php?rest_route=%2Fwp%2Fv2%2Fcomments&post=1265"}],"version-history":[{"count":8,"href":"https:\/\/www.zarzecze.info\/index.php?rest_route=\/wp\/v2\/pages\/1265\/revisions"}],"predecessor-version":[{"id":1326,"href":"https:\/\/www.zarzecze.info\/index.php?rest_route=\/wp\/v2\/pages\/1265\/revisions\/1326"}],"wp:attachment":[{"href":"https:\/\/www.zarzecze.info\/index.php?rest_route=%2Fwp%2Fv2%2Fmedia&parent=1265"}],"curies":[{"name":"wp","href":"https:\/\/api.w.org\/{rel}","templated":true}]}}